{"id":41,"date":"2018-12-06T17:54:08","date_gmt":"2018-12-06T17:54:08","guid":{"rendered":"http:\/\/www.sdhmnisek.cz\/?page_id=41"},"modified":"2019-02-21T16:58:21","modified_gmt":"2019-02-21T16:58:21","slug":"zasahy-vyjezdove-jdnotky","status":"publish","type":"page","link":"https:\/\/www.sdhmnisek.cz\/index.php\/zasahy-vyjezdove-jdnotky\/","title":{"rendered":"Z\u00e1sahy v\u00fdjezdov\u00e9 jednotky"},"content":{"rendered":"\n<p>V roce 2018 bylo celkem xx <a href=\"https:\/\/www.sdhmnisek.cz\/index.php\/category\/vyjezdy\/\">v\u00fdjezd\u016f<\/a>, z toho:<br>xx po\u017e\u00e1r\u016f<br>xx dopravn\u00edch nehod<br>Xx technick\u00e9 pomoci<br>xx ostatn\u00edch v\u00fdjezd\u016f<\/p>\n","protected":false},"excerpt":{"rendered":"<p>V roce 2018 bylo celkem xx v\u00fdjezd\u016f, z toho:xx po\u017e\u00e1r\u016fxx dopravn\u00edch nehodXx technick\u00e9 pomocixx ostatn\u00edch v\u00fdjezd\u016f<\/p>\n","protected":false},"author":1,"featured_media":0,"parent":0,"menu_order":0,"comment_status":"closed","ping_status":"closed","template":"","meta":{"footnotes":""},"class_list":["post-41","page","type-page","status-publish","hentry"],"_links":{"self":[{"href":"https:\/\/www.sdhmnisek.cz\/index.php\/wp-json\/wp\/v2\/pages\/41","targetHints":{"allow":["GET"]}}],"collection":[{"href":"https:\/\/www.sdhmnisek.cz\/index.php\/wp-json\/wp\/v2\/pages"}],"about":[{"href":"https:\/\/www.sdhmnisek.cz\/index.php\/wp-json\/wp\/v2\/types\/page"}],"author":[{"embeddable":true,"href":"https:\/\/www.sdhmnisek.cz\/index.php\/wp-json\/wp\/v2\/users\/1"}],"replies":[{"embeddable":true,"href":"https:\/\/www.sdhmnisek.cz\/index.php\/wp-json\/wp\/v2\/comments?post=41"}],"version-history":[{"count":5,"href":"https:\/\/www.sdhmnisek.cz\/index.php\/wp-json\/wp\/v2\/pages\/41\/revisions"}],"predecessor-version":[{"id":446,"href":"https:\/\/www.sdhmnisek.cz\/index.php\/wp-json\/wp\/v2\/pages\/41\/revisions\/446"}],"wp:attachment":[{"href":"https:\/\/www.sdhmnisek.cz\/index.php\/wp-json\/wp\/v2\/media?parent=41"}],"curies":[{"name":"wp","href":"https:\/\/api.w.org\/{rel}","templated":true}]}}